{"id":121412,"date":"2026-01-20T17:18:58","date_gmt":"2026-01-20T20:18:58","guid":{"rendered":"https:\/\/paratucelu.com.ar\/tienda\/producto\/producto\/"},"modified":"2026-04-09T12:47:06","modified_gmt":"2026-04-09T15:47:06","slug":"funda-antigolpes-poco-m7-pro-transparente-poco-m7-pro","status":"publish","type":"product","link":"https:\/\/paratucelu.com.ar\/tienda\/producto\/funda-antigolpes-poco-m7-pro-transparente-poco-m7-pro\/","title":{"rendered":"Funda Antigolpes Poco M7 Pro"},"content":{"rendered":"<p>**Descripci\u00f3n del Producto: Funda para Celular**<\/p>\n<p>*  **Marca de la funda:** Gen\u00e9rica<br \/>\n*  **Tipo de funda:** Antigolpe<br \/>\n*  **Color:** Transparente<br \/>\n*  **Celular compatible:** Poco M7 Pro<br \/>\n*  **Marcas de celulares compatibles:** Redmi 13C, Poco C65<br \/>\n*  **L\u00edneas de celulares compatibles:** Poco C65, Redmi 13C<br \/>\n*  **Modelos de celulares compatibles:** Poco C65, Redmi 13 C<br \/>\n*  **Materiales del exterior:** TPU\/Policarbonato<br \/>\n*  **Impuesto interno:** 0 %<br \/>\n*  **Materiales del interior:** TPU<br \/>\n*  **Es a prueba de agua:** No<br \/>\n*  **Condici\u00f3n del \u00edtem:** Nuevo<br \/>\n*  **L\u00ednea de la funda:** xiaomi<br \/>\n*  **Modelo de la funda:** Transparente<br \/>\n*  **Nombre del dise\u00f1o:** Poco M7 Pro<br \/>\n*  **Formato de venta:** Unidad<br \/>\n*  **Unidades por pack:** 1<br \/>\n*  **IVA:** 21 %<br \/>\n*  **Con tapa de vidrio integral:** No<br \/>\n*  **Con tapa:** No<br \/>\n*  **Descripci\u00f3n adicional:** Funda Flexible Transparente Anti Golpes. Excelente protecci\u00f3n. Pesta\u00f1as en los v\u00e9rtices de ambos lados para protecci\u00f3n del vidrio y la c\u00e1mara.<\/p>\n","protected":false},"excerpt":{"rendered":"<p>**Descripci\u00f3n del Producto: Funda para Celular** * **Marca de la funda:** Gen\u00e9rica * **Tipo de funda:** Antigolpe * **Color:** Transparente * **Celular compatible:** Poco M7 Pro * **Marcas de celulares compatibles:** Redmi 13C, Poco C65 * **L\u00edneas de celulares compatibles:** Poco C65, Redmi 13C * **Modelos de celulares compatibles:** Poco C65, Redmi 13 C * [&#8230;]\n","protected":false},"featured_media":121413,"template":"","meta":[],"product_brand":[],"product_cat":[1540],"product_tag":[],"class_list":{"0":"post-121412","1":"product","2":"type-product","3":"status-publish","4":"has-post-thumbnail","6":"product_cat-accesorios-para-celulares","8":"first","9":"instock","10":"shipping-taxable","11":"purchasable","12":"product-type-simple"},"_links":{"self":[{"href":"https:\/\/paratucelu.com.ar\/tienda\/wp-json\/wp\/v2\/product\/121412","targetHints":{"allow":["GET"]}}],"collection":[{"href":"https:\/\/paratucelu.com.ar\/tienda\/wp-json\/wp\/v2\/product"}],"about":[{"href":"https:\/\/paratucelu.com.ar\/tienda\/wp-json\/wp\/v2\/types\/product"}],"wp:featuredmedia":[{"embeddable":true,"href":"https:\/\/paratucelu.com.ar\/tienda\/wp-json\/wp\/v2\/media\/121413"}],"wp:attachment":[{"href":"https:\/\/paratucelu.com.ar\/tienda\/wp-json\/wp\/v2\/media?parent=121412"}],"wp:term":[{"taxonomy":"product_brand","embeddable":true,"href":"https:\/\/paratucelu.com.ar\/tienda\/wp-json\/wp\/v2\/product_brand?post=121412"},{"taxonomy":"product_cat","embeddable":true,"href":"https:\/\/paratucelu.com.ar\/tienda\/wp-json\/wp\/v2\/product_cat?post=121412"},{"taxonomy":"product_tag","embeddable":true,"href":"https:\/\/paratucelu.com.ar\/tienda\/wp-json\/wp\/v2\/product_tag?post=121412"}],"curies":[{"name":"wp","href":"https:\/\/api.w.org\/{rel}","templated":true}]}}