{"id":121465,"date":"2026-01-21T12:35:58","date_gmt":"2026-01-21T15:35:58","guid":{"rendered":"https:\/\/paratucelu.com.ar\/tienda\/producto\/producto\/"},"modified":"2026-04-07T21:07:48","modified_gmt":"2026-04-08T00:07:48","slug":"funda-anti-golpes-edge-40-neo-transparente-transparente","status":"publish","type":"product","link":"https:\/\/paratucelu.com.ar\/tienda\/producto\/funda-anti-golpes-edge-40-neo-transparente-transparente\/","title":{"rendered":"Funda Anti Golpes Edge 40 Neo"},"content":{"rendered":"<p>**Descripci\u00f3n del Producto:**<\/p>\n<p>*  **Marca de la funda:** Gen\u00e9rica<br \/>\n*  **Tipo de funda:** Antigolpe<br \/>\n*  **Celular compatible:** Edge 40 Neo<br \/>\n*  **Marcas de celulares compatibles:** Edge 40 Neo<br \/>\n*  **L\u00edneas de celulares compatibles:** Edge 40 Neo<br \/>\n*  **Modelos de celulares compatibles:** Edge 40 Neo<br \/>\n*  **Materiales del exterior:** TPU\/Policarbonato<br \/>\n*  **Impuesto interno:** 0 %<br \/>\n*  **Materiales del interior:** TPU<br \/>\n*  **Es a prueba de agua:** No<br \/>\n*  **Condici\u00f3n del \u00edtem:** Nuevo<br \/>\n*  **L\u00ednea de la funda:** motorola<br \/>\n*  **Modelo de la funda:** Transparente<br \/>\n*  **Caracter\u00edsticas del producto:** Sin vencimiento<br \/>\n*  **Formato de venta:** Unidad<br \/>\n*  **Embalaje del env\u00edo:** Bolsa<br \/>\n*  **Unidades por pack:** 1<br \/>\n*  **IVA:** 21 %<br \/>\n*  **Con tapa de vidrio integral:** No<br \/>\n*  **Con tapa:** No<br \/>\n*  **Descripci\u00f3n:**<br \/>\n  *  Funda Flexible Transparente Anti Golpes.<br \/>\n  *  Excelente protecci\u00f3n.<br \/>\n  *  Pesta\u00f1as en los v\u00e9rtices de ambos lados para protecci\u00f3n del vidrio y la c\u00e1mara.<\/p>\n","protected":false},"excerpt":{"rendered":"<p>**Descripci\u00f3n del Producto:** * **Marca de la funda:** Gen\u00e9rica * **Tipo de funda:** Antigolpe * **Celular compatible:** Edge 40 Neo * **Marcas de celulares compatibles:** Edge 40 Neo * **L\u00edneas de celulares compatibles:** Edge 40 Neo * **Modelos de celulares compatibles:** Edge 40 Neo * **Materiales del exterior:** TPU\/Policarbonato * **Impuesto interno:** 0 % * [&#8230;]\n","protected":false},"featured_media":121466,"template":"","meta":[],"product_brand":[],"product_cat":[1540],"product_tag":[],"class_list":{"0":"post-121465","1":"product","2":"type-product","3":"status-publish","4":"has-post-thumbnail","6":"product_cat-accesorios-para-celulares","8":"first","9":"instock","10":"shipping-taxable","11":"purchasable","12":"product-type-simple"},"_links":{"self":[{"href":"https:\/\/paratucelu.com.ar\/tienda\/wp-json\/wp\/v2\/product\/121465","targetHints":{"allow":["GET"]}}],"collection":[{"href":"https:\/\/paratucelu.com.ar\/tienda\/wp-json\/wp\/v2\/product"}],"about":[{"href":"https:\/\/paratucelu.com.ar\/tienda\/wp-json\/wp\/v2\/types\/product"}],"wp:featuredmedia":[{"embeddable":true,"href":"https:\/\/paratucelu.com.ar\/tienda\/wp-json\/wp\/v2\/media\/121466"}],"wp:attachment":[{"href":"https:\/\/paratucelu.com.ar\/tienda\/wp-json\/wp\/v2\/media?parent=121465"}],"wp:term":[{"taxonomy":"product_brand","embeddable":true,"href":"https:\/\/paratucelu.com.ar\/tienda\/wp-json\/wp\/v2\/product_brand?post=121465"},{"taxonomy":"product_cat","embeddable":true,"href":"https:\/\/paratucelu.com.ar\/tienda\/wp-json\/wp\/v2\/product_cat?post=121465"},{"taxonomy":"product_tag","embeddable":true,"href":"https:\/\/paratucelu.com.ar\/tienda\/wp-json\/wp\/v2\/product_tag?post=121465"}],"curies":[{"name":"wp","href":"https:\/\/api.w.org\/{rel}","templated":true}]}}